{"id":6961,"date":"2023-11-09T12:33:28","date_gmt":"2023-11-09T12:33:28","guid":{"rendered":"https:\/\/inovaufopa.tech\/?page_id=6961"},"modified":"2024-04-13T16:46:48","modified_gmt":"2024-04-13T16:46:48","slug":"cenarios-teste","status":"publish","type":"page","link":"https:\/\/inovaufopa.tech\/index.php\/cenarios-teste\/","title":{"rendered":"Cenarios &#8211; V2"},"content":{"rendered":"\t\t<div data-elementor-type=\"wp-page\" data-elementor-id=\"6961\" class=\"elementor elementor-6961\" data-elementor-settings=\"{&quot;ha_cmc_init_switcher&quot;:&quot;no&quot;}\" data-elementor-post-type=\"page\">\n\t\t\t\t<div class=\"elementor-element elementor-element-6a4e6b9 e-flex e-con-boxed wpr-particle-no wpr-jarallax-no wpr-parallax-no wpr-sticky-section-no e-con e-parent\" data-id=\"6a4e6b9\" data-element_type=\"container\" data-settings=\"{&quot;_ha_eqh_enable&quot;:false}\">\n\t\t\t\t\t<div class=\"e-con-inner\">\n\t\t\t\t<div class=\"elementor-element elementor-element-56685f4 pp-image-accordion-orientation-vertical pp-image-accordion-stack-on-tablet elementor-widget elementor-widget-pp-image-accordion\" data-id=\"56685f4\" data-element_type=\"widget\" data-settings=\"{&quot;accordion_action&quot;:&quot;on-hover&quot;}\" data-widget_type=\"pp-image-accordion.default\">\n\t\t\t\t<div class=\"elementor-widget-container\">\n\t\t\t\t\t\t\t\t<div class=\"pp-image-accordion pp-image-accordion-on-hover\" id=\"pp-image-accordion-56685f4\">\n\t\t\t\t\t\t\t\t\t\t\t\t\t\t<div class=\"pp-image-accordion-item elementor-repeater-item-a62da1e\" style=\"background-image: url(https:\/\/inovaufopa.tech\/wp-content\/uploads\/2023\/12\/Design-sem-nome-11.png);\">\n\t\t\t\t\t\t<div class=\"pp-image-accordion-overlay pp-media-overlay\">\n\t\t\t\t\t\t\t<div class=\"pp-image-accordion-content-wrap\">\n\t\t\t\t\t\t\t\t<div class=\"pp-image-accordion-content\">\n\t\t\t\t\t\t\t\t\t\t\t\t\t\t\t\t\t\t<h2 class=\"pp-image-accordion-title\">\n\t\t\t\t\t\t\t\t\t\tSilicon Valley\t\t\t\t\t\t\t\t\t<\/h2>\n\t\t\t\t\t\t\t\t\t<div class=\"pp-image-accordion-description\">\n\t\t\t\t\t\t\t\t\t\t<p><span style=\"color: #ffffff;\">Lorem ipsum dolor sit amet, consectetur adipiscing elit. Curabitur nec sollicitudin mi. Mauris orci neque, semper at urna nec, molestie pharetra ante. Morbi venenatis ipsum quis tellus malesuada eleifend. Integer faucibus felis quam, sed rhoncus quam laoreet sed. Donec condimentum a urna at dapibus.<\/span><\/p>\t\t\t\t\t\t\t\t\t<\/div>\n\t\t\t\t\t\t\t\t<\/div>\n\t\t\t\t\t\t\t\t\t\t\t\t\t\t\t\t\t<div class=\"pp-image-accordion-button-wrap\">\n\t\t\t\t\t\t\t\t\t\t<a class=\"pp-image-accordion-button pp-button-icon- elementor-button elementor-size-md\" href=\"#\">\n\t\t\t\t\t\t\t\t\t\t\t\t\t\t\t\t\t\t\t\t\t\t\t\t\t\t\t\t\t\t\t\t\t\t<span class=\"pp-button-text\">\n\t\t\t\t\t\t\t\t\t\t\t\t\tSimule!\t\t\t\t\t\t\t\t\t\t\t\t<\/span>\n\t\t\t\t\t\t\t\t\t\t\t\t\t\t\t\t\t\t\t\t\t\t\t\t\t\t\t\t\t\t\t\t<\/a>\n\t\t\t\t\t\t\t\t\t<\/div>\n\t\t\t\t\t\t\t\t\t\t\t\t\t\t\t<\/div>\n\t\t\t\t\t\t<\/div>\n\t\t\t\t\t<\/div>\n\t\t\t\t\t\t\t\t\t\t\t\t\t\t<div class=\"pp-image-accordion-item elementor-repeater-item-854f4a8\" style=\"background-image: url(https:\/\/inovaufopa.tech\/wp-content\/uploads\/2023\/11\/business-5475661_1280.jpg);\">\n\t\t\t\t\t\t<div class=\"pp-image-accordion-overlay pp-media-overlay\">\n\t\t\t\t\t\t\t<div class=\"pp-image-accordion-content-wrap\">\n\t\t\t\t\t\t\t\t<div class=\"pp-image-accordion-content\">\n\t\t\t\t\t\t\t\t\t\t\t\t\t\t\t\t\t\t<h2 class=\"pp-image-accordion-title\">\n\t\t\t\t\t\t\t\t\t\tTapaj\u00f3s Ecosystem\t\t\t\t\t\t\t\t\t<\/h2>\n\t\t\t\t\t\t\t\t\t<div class=\"pp-image-accordion-description\">\n\t\t\t\t\t\t\t\t\t\t<p>Lorem ipsum dolor sit amet, consectetur adipiscing elit. Curabitur nec sollicitudin mi. Mauris orci neque, semper at urna nec, molestie pharetra ante. Morbi venenatis ipsum quis tellus malesuada eleifend. Integer faucibus felis quam, sed rhoncus quam laoreet sed. Donec condimentum a urna at dapibus.<\/p>\t\t\t\t\t\t\t\t\t<\/div>\n\t\t\t\t\t\t\t\t<\/div>\n\t\t\t\t\t\t\t\t\t\t\t\t\t\t\t\t\t<div class=\"pp-image-accordion-button-wrap\">\n\t\t\t\t\t\t\t\t\t\t<a class=\"pp-image-accordion-button pp-button-icon- elementor-button elementor-size-md\" href=\"#\">\n\t\t\t\t\t\t\t\t\t\t\t\t\t\t\t\t\t\t\t\t\t\t\t\t\t\t\t\t\t\t\t\t\t\t<span class=\"pp-button-text\">\n\t\t\t\t\t\t\t\t\t\t\t\t\tSimule!\t\t\t\t\t\t\t\t\t\t\t\t<\/span>\n\t\t\t\t\t\t\t\t\t\t\t\t\t\t\t\t\t\t\t\t\t\t\t\t\t\t\t\t\t\t\t\t<\/a>\n\t\t\t\t\t\t\t\t\t<\/div>\n\t\t\t\t\t\t\t\t\t\t\t\t\t\t\t<\/div>\n\t\t\t\t\t\t<\/div>\n\t\t\t\t\t<\/div>\n\t\t\t\t\t\t\t\t\t\t\t\t\t\t<div class=\"pp-image-accordion-item elementor-repeater-item-0cdeeea\" style=\"background-image: url(https:\/\/inovaufopa.tech\/wp-content\/uploads\/2023\/12\/Design-sem-nome-11.png);\">\n\t\t\t\t\t\t<div class=\"pp-image-accordion-overlay pp-media-overlay\">\n\t\t\t\t\t\t\t<div class=\"pp-image-accordion-content-wrap\">\n\t\t\t\t\t\t\t\t<div class=\"pp-image-accordion-content\">\n\t\t\t\t\t\t\t\t\t\t\t\t\t\t\t\t\t\t<h2 class=\"pp-image-accordion-title\">\n\t\t\t\t\t\t\t\t\t\tSilicon Valley\t\t\t\t\t\t\t\t\t<\/h2>\n\t\t\t\t\t\t\t\t\t<div class=\"pp-image-accordion-description\">\n\t\t\t\t\t\t\t\t\t\t<p><span style=\"color: #ffffff;\">Lorem ipsum dolor sit amet, consectetur adipiscing elit. Curabitur nec sollicitudin mi. Mauris orci neque, semper at urna nec, molestie pharetra ante. Morbi venenatis ipsum quis tellus malesuada eleifend. Integer faucibus felis quam, sed rhoncus quam laoreet sed. Donec condimentum a urna at dapibus.<\/span><\/p>\t\t\t\t\t\t\t\t\t<\/div>\n\t\t\t\t\t\t\t\t<\/div>\n\t\t\t\t\t\t\t\t\t\t\t\t\t\t\t\t\t<div class=\"pp-image-accordion-button-wrap\">\n\t\t\t\t\t\t\t\t\t\t<a class=\"pp-image-accordion-button pp-button-icon- elementor-button elementor-size-md\" href=\"#\">\n\t\t\t\t\t\t\t\t\t\t\t\t\t\t\t\t\t\t\t\t\t\t\t\t\t\t\t\t\t\t\t\t\t\t<span class=\"pp-button-text\">\n\t\t\t\t\t\t\t\t\t\t\t\t\tSimule!\t\t\t\t\t\t\t\t\t\t\t\t<\/span>\n\t\t\t\t\t\t\t\t\t\t\t\t\t\t\t\t\t\t\t\t\t\t\t\t\t\t\t\t\t\t\t\t<\/a>\n\t\t\t\t\t\t\t\t\t<\/div>\n\t\t\t\t\t\t\t\t\t\t\t\t\t\t\t<\/div>\n\t\t\t\t\t\t<\/div>\n\t\t\t\t\t<\/div>\n\t\t\t\t\t\t\t\t\t\t\t\t\t\t<div class=\"pp-image-accordion-item elementor-repeater-item-c6b6c83\" style=\"background-image: url(https:\/\/inovaufopa.tech\/wp-content\/uploads\/2023\/11\/business-5475661_1280.jpg);\">\n\t\t\t\t\t\t<div class=\"pp-image-accordion-overlay pp-media-overlay\">\n\t\t\t\t\t\t\t<div class=\"pp-image-accordion-content-wrap\">\n\t\t\t\t\t\t\t\t<div class=\"pp-image-accordion-content\">\n\t\t\t\t\t\t\t\t\t\t\t\t\t\t\t\t\t\t<h2 class=\"pp-image-accordion-title\">\n\t\t\t\t\t\t\t\t\t\tTapaj\u00f3s Ecosystem\t\t\t\t\t\t\t\t\t<\/h2>\n\t\t\t\t\t\t\t\t\t<div class=\"pp-image-accordion-description\">\n\t\t\t\t\t\t\t\t\t\t<p>Lorem ipsum dolor sit amet, consectetur adipiscing elit. Curabitur nec sollicitudin mi. Mauris orci neque, semper at urna nec, molestie pharetra ante. Morbi venenatis ipsum quis tellus malesuada eleifend. Integer faucibus felis quam, sed rhoncus quam laoreet sed. Donec condimentum a urna at dapibus.<\/p>\t\t\t\t\t\t\t\t\t<\/div>\n\t\t\t\t\t\t\t\t<\/div>\n\t\t\t\t\t\t\t\t\t\t\t\t\t\t\t\t\t<div class=\"pp-image-accordion-button-wrap\">\n\t\t\t\t\t\t\t\t\t\t<a class=\"pp-image-accordion-button pp-button-icon- elementor-button elementor-size-md\" href=\"#\">\n\t\t\t\t\t\t\t\t\t\t\t\t\t\t\t\t\t\t\t\t\t\t\t\t\t\t\t\t\t\t\t\t\t\t<span class=\"pp-button-text\">\n\t\t\t\t\t\t\t\t\t\t\t\t\tSimule!\t\t\t\t\t\t\t\t\t\t\t\t<\/span>\n\t\t\t\t\t\t\t\t\t\t\t\t\t\t\t\t\t\t\t\t\t\t\t\t\t\t\t\t\t\t\t\t<\/a>\n\t\t\t\t\t\t\t\t\t<\/div>\n\t\t\t\t\t\t\t\t\t\t\t\t\t\t\t<\/div>\n\t\t\t\t\t\t<\/div>\n\t\t\t\t\t<\/div>\n\t\t\t\t\t\t\t\t\t\t\t\t\t\t<div class=\"pp-image-accordion-item elementor-repeater-item-82c03a6\" style=\"background-image: url(https:\/\/inovaufopa.tech\/wp-content\/uploads\/2023\/12\/Design-sem-nome-11.png);\">\n\t\t\t\t\t\t<div class=\"pp-image-accordion-overlay pp-media-overlay\">\n\t\t\t\t\t\t\t<div class=\"pp-image-accordion-content-wrap\">\n\t\t\t\t\t\t\t\t<div class=\"pp-image-accordion-content\">\n\t\t\t\t\t\t\t\t\t\t\t\t\t\t\t\t\t\t<h2 class=\"pp-image-accordion-title\">\n\t\t\t\t\t\t\t\t\t\tSilicon Valley\t\t\t\t\t\t\t\t\t<\/h2>\n\t\t\t\t\t\t\t\t\t<div class=\"pp-image-accordion-description\">\n\t\t\t\t\t\t\t\t\t\t<p><span style=\"color: #ffffff;\">Lorem ipsum dolor sit amet, consectetur adipiscing elit. Curabitur nec sollicitudin mi. Mauris orci neque, semper at urna nec, molestie pharetra ante. Morbi venenatis ipsum quis tellus malesuada eleifend. Integer faucibus felis quam, sed rhoncus quam laoreet sed. Donec condimentum a urna at dapibus.<\/span><\/p>\t\t\t\t\t\t\t\t\t<\/div>\n\t\t\t\t\t\t\t\t<\/div>\n\t\t\t\t\t\t\t\t\t\t\t\t\t\t\t\t\t<div class=\"pp-image-accordion-button-wrap\">\n\t\t\t\t\t\t\t\t\t\t<a class=\"pp-image-accordion-button pp-button-icon- elementor-button elementor-size-md\" href=\"#\">\n\t\t\t\t\t\t\t\t\t\t\t\t\t\t\t\t\t\t\t\t\t\t\t\t\t\t\t\t\t\t\t\t\t\t<span class=\"pp-button-text\">\n\t\t\t\t\t\t\t\t\t\t\t\t\tSimule!\t\t\t\t\t\t\t\t\t\t\t\t<\/span>\n\t\t\t\t\t\t\t\t\t\t\t\t\t\t\t\t\t\t\t\t\t\t\t\t\t\t\t\t\t\t\t\t<\/a>\n\t\t\t\t\t\t\t\t\t<\/div>\n\t\t\t\t\t\t\t\t\t\t\t\t\t\t\t<\/div>\n\t\t\t\t\t\t<\/div>\n\t\t\t\t\t<\/div>\n\t\t\t\t\t\t\t\t\t\t\t\t\t\t<div class=\"pp-image-accordion-item elementor-repeater-item-ba8370a\" style=\"background-image: url(https:\/\/inovaufopa.tech\/wp-content\/uploads\/2023\/11\/business-5475661_1280.jpg);\">\n\t\t\t\t\t\t<div class=\"pp-image-accordion-overlay pp-media-overlay\">\n\t\t\t\t\t\t\t<div class=\"pp-image-accordion-content-wrap\">\n\t\t\t\t\t\t\t\t<div class=\"pp-image-accordion-content\">\n\t\t\t\t\t\t\t\t\t\t\t\t\t\t\t\t\t\t<h2 class=\"pp-image-accordion-title\">\n\t\t\t\t\t\t\t\t\t\tTapaj\u00f3s Ecosystem\t\t\t\t\t\t\t\t\t<\/h2>\n\t\t\t\t\t\t\t\t\t<div class=\"pp-image-accordion-description\">\n\t\t\t\t\t\t\t\t\t\t<p>Lorem ipsum dolor sit amet, consectetur adipiscing elit. Curabitur nec sollicitudin mi. Mauris orci neque, semper at urna nec, molestie pharetra ante. Morbi venenatis ipsum quis tellus malesuada eleifend. Integer faucibus felis quam, sed rhoncus quam laoreet sed. Donec condimentum a urna at dapibus.<\/p>\t\t\t\t\t\t\t\t\t<\/div>\n\t\t\t\t\t\t\t\t<\/div>\n\t\t\t\t\t\t\t\t\t\t\t\t\t\t\t\t\t<div class=\"pp-image-accordion-button-wrap\">\n\t\t\t\t\t\t\t\t\t\t<a class=\"pp-image-accordion-button pp-button-icon- elementor-button elementor-size-md\" href=\"#\">\n\t\t\t\t\t\t\t\t\t\t\t\t\t\t\t\t\t\t\t\t\t\t\t\t\t\t\t\t\t\t\t\t\t\t<span class=\"pp-button-text\">\n\t\t\t\t\t\t\t\t\t\t\t\t\tSimule!\t\t\t\t\t\t\t\t\t\t\t\t<\/span>\n\t\t\t\t\t\t\t\t\t\t\t\t\t\t\t\t\t\t\t\t\t\t\t\t\t\t\t\t\t\t\t\t<\/a>\n\t\t\t\t\t\t\t\t\t<\/div>\n\t\t\t\t\t\t\t\t\t\t\t\t\t\t\t<\/div>\n\t\t\t\t\t\t<\/div>\n\t\t\t\t\t<\/div>\n\t\t\t\t\t\t\t<\/div>\n\t\t\t\t\t\t<\/div>\n\t\t\t\t<\/div>\n\t\t\t\t\t<\/div>\n\t\t\t\t<\/div>\n\t\t\t\t<\/div>\n\t\t","protected":false},"excerpt":{"rendered":"<p>Silicon Valley Lorem ipsum dolor sit amet, consectetur adipiscing elit. Curabitur nec sollicitudin mi. Mauris orci neque, semper at urna nec, molestie pharetra ante. Morbi venenatis ipsum quis tellus malesuada eleifend. Integer faucibus felis quam, sed rhoncus quam laoreet sed. Donec condimentum a urna at dapibus. Simule! Tapaj\u00f3s Ecosystem Lorem ipsum dolor sit amet, consectetur adipiscing elit. Curabitur nec sollicitudin mi. Mauris orci neque, semper at urna nec, molestie pharetra ante. Morbi venenatis ipsum quis tellus malesuada eleifend. Integer faucibus felis quam, sed rhoncus quam laoreet sed. Donec condimentum a urna at dapibus. Simule! Silicon Valley Lorem ipsum dolor sit amet, consectetur adipiscing elit. Curabitur nec sollicitudin mi. Mauris orci neque, semper at urna nec, molestie pharetra ante. Morbi venenatis ipsum quis tellus malesuada eleifend. Integer faucibus felis quam, sed rhoncus quam laoreet sed. Donec condimentum a urna at dapibus. Simule! Tapaj\u00f3s Ecosystem Lorem ipsum dolor sit amet, consectetur adipiscing elit. Curabitur nec sollicitudin mi. Mauris orci neque, semper at urna nec, molestie pharetra ante. Morbi venenatis ipsum quis tellus malesuada eleifend. Integer faucibus felis quam, sed rhoncus quam laoreet sed. Donec condimentum a urna at dapibus. Simule! Silicon Valley Lorem ipsum dolor sit amet, consectetur adipiscing elit. Curabitur nec sollicitudin mi. Mauris orci neque, semper at urna nec, molestie pharetra ante. Morbi venenatis ipsum quis tellus malesuada eleifend. Integer faucibus felis quam, sed rhoncus quam laoreet sed. Donec condimentum a urna at dapibus. Simule! Tapaj\u00f3s Ecosystem Lorem ipsum dolor sit amet, consectetur adipiscing elit. Curabitur nec sollicitudin mi. Mauris orci neque, semper at urna nec, molestie pharetra ante. Morbi venenatis ipsum quis tellus malesuada eleifend. Integer faucibus felis quam, sed rhoncus quam laoreet sed. Donec condimentum a urna at dapibus. Simule!<\/p>\n","protected":false},"author":1,"featured_media":0,"parent":0,"menu_order":0,"comment_status":"closed","ping_status":"closed","template":"","meta":{"om_disable_all_campaigns":false,"_monsterinsights_skip_tracking":false,"_monsterinsights_sitenote_active":false,"_monsterinsights_sitenote_note":"","_monsterinsights_sitenote_category":0,"site-sidebar-layout":"no-sidebar","site-content-layout":"page-builder","ast-site-content-layout":"full-width-container","site-content-style":"default","site-sidebar-style":"default","ast-global-header-display":"","ast-banner-title-visibility":"","ast-main-header-display":"","ast-hfb-above-header-display":"","ast-hfb-below-header-display":"","ast-hfb-mobile-header-display":"","site-post-title":"disabled","ast-breadcrumbs-content":"","ast-featured-img":"disabled","footer-sml-layout":"","theme-transparent-header-meta":"","adv-header-id-meta":"","stick-header-meta":"","header-above-stick-meta":"","header-main-stick-meta":"","header-below-stick-meta":"","astra-migrate-meta-layouts":"set","ast-page-background-enabled":"default","ast-page-background-meta":{"desktop":{"background-color":"var(--ast-global-color-4)","background-image":"","background-repeat":"repeat","background-position":"center center","background-size":"auto","background-attachment":"scroll","background-type":"","background-media":"","overlay-type":"","overlay-color":"","overlay-opacity":"","overlay-gradient":""},"tablet":{"background-color":"","background-image":"","background-repeat":"repeat","background-position":"center center","background-size":"auto","background-attachment":"scroll","background-type":"","background-media":"","overlay-type":"","overlay-color":"","overlay-opacity":"","overlay-gradient":""},"mobile":{"background-color":"","background-image":"","background-repeat":"repeat","background-position":"center center","background-size":"auto","background-attachment":"scroll","background-type":"","background-media":"","overlay-type":"","overlay-color":"","overlay-opacity":"","overlay-gradient":""}},"ast-content-background-meta":{"desktop":{"background-color":"var(--ast-global-color-5)","background-image":"","background-repeat":"repeat","background-position":"center center","background-size":"auto","background-attachment":"scroll","background-type":"","background-media":"","overlay-type":"","overlay-color":"","overlay-opacity":"","overlay-gradient":""},"tablet":{"background-color":"var(--ast-global-color-5)","background-image":"","background-repeat":"repeat","background-position":"center center","background-size":"auto","background-attachment":"scroll","background-type":"","background-media":"","overlay-type":"","overlay-color":"","overlay-opacity":"","overlay-gradient":""},"mobile":{"background-color":"var(--ast-global-color-5)","background-image":"","background-repeat":"repeat","background-position":"center center","background-size":"auto","background-attachment":"scroll","background-type":"","background-media":"","overlay-type":"","overlay-color":"","overlay-opacity":"","overlay-gradient":""}},"footnotes":""},"class_list":["post-6961","page","type-page","status-publish","hentry"],"aioseo_notices":[],"yoast_head":"<!-- This site is optimized with the Yoast SEO plugin v26.5 - https:\/\/yoast.com\/wordpress\/plugins\/seo\/ -->\n<title>Cenarios - V2 - Portal Aberto de Inova\u00e7\u00e3o Tecnol\u00f3gica<\/title>\n<meta name=\"robots\" content=\"index, follow, max-snippet:-1, max-image-preview:large, max-video-preview:-1\" \/>\n<link rel=\"canonical\" href=\"https:\/\/inovaufopa.tech\/index.php\/cenarios-teste\/\" \/>\n<meta property=\"og:locale\" content=\"pt_BR\" \/>\n<meta property=\"og:type\" content=\"article\" \/>\n<meta property=\"og:title\" content=\"Cenarios - V2 - Portal Aberto de Inova\u00e7\u00e3o Tecnol\u00f3gica\" \/>\n<meta property=\"og:description\" content=\"Silicon Valley Lorem ipsum dolor sit amet, consectetur adipiscing elit. Curabitur nec sollicitudin mi. Mauris orci neque, semper at urna nec, molestie pharetra ante. Morbi venenatis ipsum quis tellus malesuada eleifend. Integer faucibus felis quam, sed rhoncus quam laoreet sed. Donec condimentum a urna at dapibus. Simule! Tapaj\u00f3s Ecosystem Lorem ipsum dolor sit amet, consectetur adipiscing elit. Curabitur nec sollicitudin mi. Mauris orci neque, semper at urna nec, molestie pharetra ante. Morbi venenatis ipsum quis tellus malesuada eleifend. Integer faucibus felis quam, sed rhoncus quam laoreet sed. Donec condimentum a urna at dapibus. Simule! Silicon Valley Lorem ipsum dolor sit amet, consectetur adipiscing elit. Curabitur nec sollicitudin mi. Mauris orci neque, semper at urna nec, molestie pharetra ante. Morbi venenatis ipsum quis tellus malesuada eleifend. Integer faucibus felis quam, sed rhoncus quam laoreet sed. Donec condimentum a urna at dapibus. Simule! Tapaj\u00f3s Ecosystem Lorem ipsum dolor sit amet, consectetur adipiscing elit. Curabitur nec sollicitudin mi. Mauris orci neque, semper at urna nec, molestie pharetra ante. Morbi venenatis ipsum quis tellus malesuada eleifend. Integer faucibus felis quam, sed rhoncus quam laoreet sed. Donec condimentum a urna at dapibus. Simule! Silicon Valley Lorem ipsum dolor sit amet, consectetur adipiscing elit. Curabitur nec sollicitudin mi. Mauris orci neque, semper at urna nec, molestie pharetra ante. Morbi venenatis ipsum quis tellus malesuada eleifend. Integer faucibus felis quam, sed rhoncus quam laoreet sed. Donec condimentum a urna at dapibus. Simule! Tapaj\u00f3s Ecosystem Lorem ipsum dolor sit amet, consectetur adipiscing elit. Curabitur nec sollicitudin mi. Mauris orci neque, semper at urna nec, molestie pharetra ante. Morbi venenatis ipsum quis tellus malesuada eleifend. Integer faucibus felis quam, sed rhoncus quam laoreet sed. Donec condimentum a urna at dapibus. Simule!\" \/>\n<meta property=\"og:url\" content=\"https:\/\/inovaufopa.tech\/index.php\/cenarios-teste\/\" \/>\n<meta property=\"og:site_name\" content=\"Portal Aberto de Inova\u00e7\u00e3o Tecnol\u00f3gica\" \/>\n<meta property=\"article:modified_time\" content=\"2024-04-13T16:46:48+00:00\" \/>\n<meta name=\"twitter:card\" content=\"summary_large_image\" \/>\n<meta name=\"twitter:label1\" content=\"Est. tempo de leitura\" \/>\n\t<meta name=\"twitter:data1\" content=\"2 minutos\" \/>\n<script type=\"application\/ld+json\" class=\"yoast-schema-graph\">{\"@context\":\"https:\/\/schema.org\",\"@graph\":[{\"@type\":\"WebPage\",\"@id\":\"https:\/\/inovaufopa.tech\/index.php\/cenarios-teste\/\",\"url\":\"https:\/\/inovaufopa.tech\/index.php\/cenarios-teste\/\",\"name\":\"Cenarios - V2 - Portal Aberto de Inova\u00e7\u00e3o Tecnol\u00f3gica\",\"isPartOf\":{\"@id\":\"https:\/\/inovaufopa.tech\/#website\"},\"datePublished\":\"2023-11-09T12:33:28+00:00\",\"dateModified\":\"2024-04-13T16:46:48+00:00\",\"breadcrumb\":{\"@id\":\"https:\/\/inovaufopa.tech\/index.php\/cenarios-teste\/#breadcrumb\"},\"inLanguage\":\"pt-BR\",\"potentialAction\":[{\"@type\":\"ReadAction\",\"target\":[\"https:\/\/inovaufopa.tech\/index.php\/cenarios-teste\/\"]}]},{\"@type\":\"BreadcrumbList\",\"@id\":\"https:\/\/inovaufopa.tech\/index.php\/cenarios-teste\/#breadcrumb\",\"itemListElement\":[{\"@type\":\"ListItem\",\"position\":1,\"name\":\"In\u00edcio\",\"item\":\"https:\/\/inovaufopa.tech\/\"},{\"@type\":\"ListItem\",\"position\":2,\"name\":\"Cenarios &#8211; V2\"}]},{\"@type\":\"WebSite\",\"@id\":\"https:\/\/inovaufopa.tech\/#website\",\"url\":\"https:\/\/inovaufopa.tech\/\",\"name\":\"Portal Aberto de Inova\u00e7\u00e3o Tecnol\u00f3gica\",\"description\":\"Inovar na Amaz\u00f4nia para mudar o mundo\",\"potentialAction\":[{\"@type\":\"SearchAction\",\"target\":{\"@type\":\"EntryPoint\",\"urlTemplate\":\"https:\/\/inovaufopa.tech\/?s={search_term_string}\"},\"query-input\":{\"@type\":\"PropertyValueSpecification\",\"valueRequired\":true,\"valueName\":\"search_term_string\"}}],\"inLanguage\":\"pt-BR\"}]}<\/script>\n<!-- \/ Yoast SEO plugin. -->","yoast_head_json":{"title":"Cenarios - V2 - Portal Aberto de Inova\u00e7\u00e3o Tecnol\u00f3gica","robots":{"index":"index","follow":"follow","max-snippet":"max-snippet:-1","max-image-preview":"max-image-preview:large","max-video-preview":"max-video-preview:-1"},"canonical":"https:\/\/inovaufopa.tech\/index.php\/cenarios-teste\/","og_locale":"pt_BR","og_type":"article","og_title":"Cenarios - V2 - Portal Aberto de Inova\u00e7\u00e3o Tecnol\u00f3gica","og_description":"Silicon Valley Lorem ipsum dolor sit amet, consectetur adipiscing elit. Curabitur nec sollicitudin mi. Mauris orci neque, semper at urna nec, molestie pharetra ante. Morbi venenatis ipsum quis tellus malesuada eleifend. Integer faucibus felis quam, sed rhoncus quam laoreet sed. Donec condimentum a urna at dapibus. Simule! Tapaj\u00f3s Ecosystem Lorem ipsum dolor sit amet, consectetur adipiscing elit. Curabitur nec sollicitudin mi. Mauris orci neque, semper at urna nec, molestie pharetra ante. Morbi venenatis ipsum quis tellus malesuada eleifend. Integer faucibus felis quam, sed rhoncus quam laoreet sed. Donec condimentum a urna at dapibus. Simule! Silicon Valley Lorem ipsum dolor sit amet, consectetur adipiscing elit. Curabitur nec sollicitudin mi. Mauris orci neque, semper at urna nec, molestie pharetra ante. Morbi venenatis ipsum quis tellus malesuada eleifend. Integer faucibus felis quam, sed rhoncus quam laoreet sed. Donec condimentum a urna at dapibus. Simule! Tapaj\u00f3s Ecosystem Lorem ipsum dolor sit amet, consectetur adipiscing elit. Curabitur nec sollicitudin mi. Mauris orci neque, semper at urna nec, molestie pharetra ante. Morbi venenatis ipsum quis tellus malesuada eleifend. Integer faucibus felis quam, sed rhoncus quam laoreet sed. Donec condimentum a urna at dapibus. Simule! Silicon Valley Lorem ipsum dolor sit amet, consectetur adipiscing elit. Curabitur nec sollicitudin mi. Mauris orci neque, semper at urna nec, molestie pharetra ante. Morbi venenatis ipsum quis tellus malesuada eleifend. Integer faucibus felis quam, sed rhoncus quam laoreet sed. Donec condimentum a urna at dapibus. Simule! Tapaj\u00f3s Ecosystem Lorem ipsum dolor sit amet, consectetur adipiscing elit. Curabitur nec sollicitudin mi. Mauris orci neque, semper at urna nec, molestie pharetra ante. Morbi venenatis ipsum quis tellus malesuada eleifend. Integer faucibus felis quam, sed rhoncus quam laoreet sed. Donec condimentum a urna at dapibus. Simule!","og_url":"https:\/\/inovaufopa.tech\/index.php\/cenarios-teste\/","og_site_name":"Portal Aberto de Inova\u00e7\u00e3o Tecnol\u00f3gica","article_modified_time":"2024-04-13T16:46:48+00:00","twitter_card":"summary_large_image","twitter_misc":{"Est. tempo de leitura":"2 minutos"},"schema":{"@context":"https:\/\/schema.org","@graph":[{"@type":"WebPage","@id":"https:\/\/inovaufopa.tech\/index.php\/cenarios-teste\/","url":"https:\/\/inovaufopa.tech\/index.php\/cenarios-teste\/","name":"Cenarios - V2 - Portal Aberto de Inova\u00e7\u00e3o Tecnol\u00f3gica","isPartOf":{"@id":"https:\/\/inovaufopa.tech\/#website"},"datePublished":"2023-11-09T12:33:28+00:00","dateModified":"2024-04-13T16:46:48+00:00","breadcrumb":{"@id":"https:\/\/inovaufopa.tech\/index.php\/cenarios-teste\/#breadcrumb"},"inLanguage":"pt-BR","potentialAction":[{"@type":"ReadAction","target":["https:\/\/inovaufopa.tech\/index.php\/cenarios-teste\/"]}]},{"@type":"BreadcrumbList","@id":"https:\/\/inovaufopa.tech\/index.php\/cenarios-teste\/#breadcrumb","itemListElement":[{"@type":"ListItem","position":1,"name":"In\u00edcio","item":"https:\/\/inovaufopa.tech\/"},{"@type":"ListItem","position":2,"name":"Cenarios &#8211; V2"}]},{"@type":"WebSite","@id":"https:\/\/inovaufopa.tech\/#website","url":"https:\/\/inovaufopa.tech\/","name":"Portal Aberto de Inova\u00e7\u00e3o Tecnol\u00f3gica","description":"Inovar na Amaz\u00f4nia para mudar o mundo","potentialAction":[{"@type":"SearchAction","target":{"@type":"EntryPoint","urlTemplate":"https:\/\/inovaufopa.tech\/?s={search_term_string}"},"query-input":{"@type":"PropertyValueSpecification","valueRequired":true,"valueName":"search_term_string"}}],"inLanguage":"pt-BR"}]}},"_links":{"self":[{"href":"https:\/\/inovaufopa.tech\/index.php\/wp-json\/wp\/v2\/pages\/6961","targetHints":{"allow":["GET"]}}],"collection":[{"href":"https:\/\/inovaufopa.tech\/index.php\/wp-json\/wp\/v2\/pages"}],"about":[{"href":"https:\/\/inovaufopa.tech\/index.php\/wp-json\/wp\/v2\/types\/page"}],"author":[{"embeddable":true,"href":"https:\/\/inovaufopa.tech\/index.php\/wp-json\/wp\/v2\/users\/1"}],"replies":[{"embeddable":true,"href":"https:\/\/inovaufopa.tech\/index.php\/wp-json\/wp\/v2\/comments?post=6961"}],"version-history":[{"count":107,"href":"https:\/\/inovaufopa.tech\/index.php\/wp-json\/wp\/v2\/pages\/6961\/revisions"}],"predecessor-version":[{"id":7912,"href":"https:\/\/inovaufopa.tech\/index.php\/wp-json\/wp\/v2\/pages\/6961\/revisions\/7912"}],"wp:attachment":[{"href":"https:\/\/inovaufopa.tech\/index.php\/wp-json\/wp\/v2\/media?parent=6961"}],"curies":[{"name":"wp","href":"https:\/\/api.w.org\/{rel}","templated":true}]}}